632385 is divided by 150.
135
What is the remainder when 14784 is divided by 259?
21
What is the remainder when 16109 is divided by 27?
17
Calculate the remainder when 658236 is divided by 71.
66
What is the remainder when 7029 is divided by 9?
0
What is the remainder when 356471 is divided by 38?
31
What is the remainder when 13391 is divided by 1422?
593
Calculate the remainder when 194 is divided by 135.
59
Calculate the remainder when 116840 is divided by 3338.
10
What is the remainder when 15044 is divided by 3761?
0
Calculate the remainder when 12110 is divided by 505.
495
Calculate the remainder when 382 is divided by 362.
20
Calculate the remainder when 32969 is divided by 138.
125
What is the remainder when 4843 is divided by 2403?
37
What is the remainder when 10376 is divided by 2583?
44
What is the remainder when 235939 is divided by 728?
67
Calculate the remainder when 125878 is divided by 1880.
1798
What is the remainder when 16264 is divided by 33?
28
Calculate the remainder when 449727 is divided by 40882.
25
Calculate the remainder when 28595 is divided by 101.
12
What is the remainder when 37700 is divided by 448?
68
What is the remainder when 597945 is divided by 1980?
1965
What is the remainder when 5144 is divided by 134?
52
Calculate the remainder when 1816 is divided by 195.
61
Calculate the remainder when 41151 is divided by 66.
33
Calculate the remainder when 3665 is divided by 306.
299
What is the remainder when 5702 is divided by 2801?
100
What is the remainder when 11980 is divided by 1940?
340
Calculate the remainder when 122656 is divided by 122653.
3
Calculate the remainder when 34005 is divided by 358.
353
What is the remainder when 3151732 is divided by 6?
4
Calculate the remainder when 2547 is divided by 530.
427
What is the remainder when 13319 is divided by 278?
253
Calculate the remainder when 16457 is divided by 2055.
17
Calculate the remainder when 59517 is divided by 17.
0
What is the remainder when 2031 is divided by 364?
211
Calculate the remainder when 2399 is divided by 2284.
115
Calculate the remainder when 719 is divided by 351.
17
Calculate the remainder when 26860 is divided by 6709.
24
What is the remainder when 20045 is divided by 2483?
181
Calculate the remainder when 39282 is divided by 427.
425
What is the remainder when 2793 is divided by 320?
233
Calculate the remainder when 1628259 is divided by 138.
135
What is the remainder when 2259725 is divided by 2?
1
What is the remainder when 32846 is divided by 882?
212
Calculate the remainder when 264563 is divided by 6.
5
What is the remainder when 8283 is divided by 210?
93
What is the remainder when 66079 is divided by 22020?
19
Calculate the remainder when 132587 is divided by 36.
35
Calculate the remainder when 216436 is divided by 56.
52
What is the remainder when 56126 is divided by 16?
14
Calculate the remainder when 15054 is divided by 161.
81
Calculate the remainder when 4426 is divided by 397.
59
Calculate the remainder when 58656 is divided by 838.
834
What is the remainder when 16598 is divided by 8287?
24
What is the remainder when 11164 is divided by 2231?
9
What is the remainder when 6185 is divided by 54?
29
What is the remainder when 5534 is divided by 68?
26
Calculate the remainder when 7302 is divided by 42.
36
What is the remainder when 57119 is divided by 168?
167
Calculate the remainder when 2863 is divided by 1396.
71
Calculate the remainder when 12008 is divided by 143.
139
Calculate the remainder when 33602 is divided by 542.
540
What is the remainder when 1998213 is divided by 198?
195
What is the remainder when 213376 is divided by 159?
157
What is the remainder when 6692 is divided by 1312?
132
Calculate the remainder when 1088719 is divided by 16.
15
Calculate the remainder when 125682 is divided by 41893.
3
What is the remainder when 25270 is divided by 28?
14
What is the remainder when 34859 is divided by 22?
11
What is the remainder when 1595 is divided by 239?
161
What is the remainder when 5573 is divided by 107?
9
What is the remainder when 98890 is divided by 57?
52
Calculate the remainder when 85388 is divided by 129.
119
What is the remainder when 231485 is divided by 46293?
20
Calculate the remainder when 49848 is divided by 339.
15
Calculate the remainder when 2896 is divided by 399.
103
What is the remainder when 9433032 is divided by 29?
28
Calculate the remainder when 9994 is divided by 637.
439
Calculate the remainder when 986 is divided by 270.
176
Calculate the remainder when 8782 is divided by 2917.
31
Calculate the remainder when 11879 is divided by 976.
167
Calculate the remainder when 1025 is divided by 201.
20
What is the remainder when 158863 is divided by 2444?
3
Calculate the remainder when 26184 is divided by 10.
4
What is the remainder when 30994 is divided by 40?
34
Calculate the remainder when 11354 is divided by 90.
14
What is the remainder when 395591 is divided by 44?
31
Calculate the remainder when 14674 is divided by 4839.
157
What is the remainder when 5728 is divided by 1902?
22
Calculate the remainder when 1456 is divided by 1402.
54
Calculate the remainder when 1474134 is divided by 382.
378
Calculate the remainder when 13126 is divided by 311.
64
What is the remainder when 7645 is divided by 150?
145
Calculate the remainder when 53204 is divided by 403.
8
Calculate the remainder when 1954689 is divided by 243.
240
Calculate the remainder when 25558 is divided by 984.
958
What is the remainder when 3876 is divided by 258?
6
What is the remainder when 298125 is divided by 2311?
6
Calculate the remainder when 3231 is divided by 639.
36
Calculate the remainder when 56146 is divided by 56141.
5
Calculate the remainder when 80940 is divided by 26948.
96
What is the remainder when 15996 is divided by 172?
0
What is the remainder when 669911 is divided by 3?
2
Calculate the remainder when 6508 is divided by 3217.
74
Calculate the remainder when 41890 is divided by 79.
20
What is the remainder when 79379 is divided by 214?
199
What is the remainder when 1768427 is divided by 9?
8
What is the remainder when 1083707 is divided by 1148?
1143
Calculate the remainder when 54879 is divided by 280.
279
Calculate the remainder when 115 is divided by 97.
18
Calculate the remainder when 58684 is divided by 53.
13
What is the remainder when 12697 is divided by 4230?
7
What is the remainder when 1692 is divided by 29?
10
Calculate the remainder when 8431 is divided by 16.
15
Calculate the remainder when 42194 is divided by 87.
86
Calculate the remainder when 14655 is divided by 539.
102
Calculate the remainder when 12081 is divided by 862.
13
What is the remainder when 5266 is divided by 12?
10
What is the remainder when 6596 is divided by 221?
187
What is the remainder when 99850 is divided by 9984?
10
Calculate the remainder when 1364973 is divided by 491.
484
What is the remainder when 108088 is divided by 324?
196
Calculate the remainder when 36906 is divided by 18435.
36
What is the remainder when 2642 is divided by 1033?
576
Calculate the remainder when 16867 is divided by 68.
3
Calculate the remainder when 95992 is divided by 555.
532
What is the remainder when 11906 is divided by 21?
20
What is the remainder when 407678 is divided by 80?
78
Calculate the remainder when 237425 is divided by 265.
250
What is the remainder when 61371 is divided by 448?
443
What is the remainder when 336800 is divided by 156?
152
Calculate the remainder when 10653 is divided by 1138.
411
Calculate the remainder when 968296 is divided by 25.
21
Calculate the remainder when 503802 is divided by 22.
2
What is the remainder when 112913 is divided by 369?
368
What is the remainder when 14376 is divided by 143?
76
Calculate the remainder when 2496 is divided by 820.
36
Calculate the remainder when 2920 is divided by 113.
95
Calculate the remainder when 1424645 is divided by 199.
4
What is the remainder when 18675 is divided by 43?
13
What is the remainder when 40887 is divided by 40784?
103
Calculate the remainder when 6925 is divided by 1728.
13
Calculate the remainder when 302685 is divided by 489.
483
What is the remainder when 2836 is divided by 46?
30
What is the remainder when 1764 is divided by 502?
258
W